{"id":36,"date":"2022-01-29T16:43:07","date_gmt":"2022-01-29T19:43:07","guid":{"rendered":"https:\/\/www2.faac.unesp.br\/oedh-nedh\/?page_id=36"},"modified":"2025-07-24T18:37:25","modified_gmt":"2025-07-24T21:37:25","slug":"memoria","status":"publish","type":"page","link":"https:\/\/www2.faac.unesp.br\/oedh-nedh\/?page_id=36","title":{"rendered":"Mem\u00f3ria"},"content":{"rendered":"\t\t<div data-elementor-type=\"wp-page\" data-elementor-id=\"36\" class=\"elementor elementor-36\">\n\t\t\t\t\t\t<section class=\"elementor-section elementor-top-section elementor-element elementor-element-6207154 elementor-section-height-min-height elementor-section-stretched elementor-section-boxed elementor-section-height-default elementor-section-items-middle\" data-id=\"6207154\" data-element_type=\"section\" data-settings=\"{&quot;stretch_section&quot;:&quot;section-stretched&quot;}\">\n\t\t\t\t\t\t<div class=\"elementor-container elementor-column-gap-custom\">\n\t\t\t\t\t<div class=\"elementor-column elementor-col-100 elementor-top-column elementor-element elementor-element-3fc5379\" data-id=\"3fc5379\" data-element_type=\"column\">\n\t\t\t<div class=\"elementor-widget-wrap elementor-element-populated\">\n\t\t\t\t\t\t<div class=\"elementor-element elementor-element-c590210 elementor-invisible elementor-widget elementor-widget-heading\" data-id=\"c590210\" data-element_type=\"widget\" data-settings=\"{&quot;_animation&quot;:&quot;fadeInDown&quot;,&quot;_animation_mobile&quot;:&quot;fadeInDown&quot;}\" data-widget_type=\"heading.default\">\n\t\t\t\t<div class=\"elementor-widget-container\">\n\t\t\t<style>\/*! elementor - v3.21.0 - 26-05-2024 *\/\n.elementor-heading-title{padding:0;margin:0;line-height:1}.elementor-widget-heading .elementor-heading-title[class*=elementor-size-]>a{color:inherit;font-size:inherit;line-height:inherit}.elementor-widget-heading .elementor-heading-title.elementor-size-small{font-size:15px}.elementor-widget-heading .elementor-heading-title.elementor-size-medium{font-size:19px}.elementor-widget-heading .elementor-heading-title.elementor-size-large{font-size:29px}.elementor-widget-heading .elementor-heading-title.elementor-size-xl{font-size:39px}.elementor-widget-heading .elementor-heading-title.elementor-size-xxl{font-size:59px}<\/style><h2 class=\"elementor-heading-title elementor-size-default\">Mem\u00f3ria<\/h2>\t\t<\/div>\n\t\t\t\t<\/div>\n\t\t\t\t<div class=\"elementor-element elementor-element-268c788 elementor-widget__width-initial elementor-invisible elementor-widget elementor-widget-text-editor\" data-id=\"268c788\" data-element_type=\"widget\" data-settings=\"{&quot;_animation&quot;:&quot;fadeIn&quot;}\" data-widget_type=\"text-editor.default\">\n\t\t\t\t<div class=\"elementor-widget-container\">\n\t\t\t<style>\/*! elementor - v3.21.0 - 26-05-2024 *\/\n.elementor-widget-text-editor.elementor-drop-cap-view-stacked .elementor-drop-cap{background-color:#69727d;color:#fff}.elementor-widget-text-editor.elementor-drop-cap-view-framed .elementor-drop-cap{color:#69727d;border:3px solid;background-color:transparent}.elementor-widget-text-editor:not(.elementor-drop-cap-view-default) .elementor-drop-cap{margin-top:8px}.elementor-widget-text-editor:not(.elementor-drop-cap-view-default) .elementor-drop-cap-letter{width:1em;height:1em}.elementor-widget-text-editor .elementor-drop-cap{float:left;text-align:center;line-height:1;font-size:50px}.elementor-widget-text-editor .elementor-drop-cap-letter{display:inline-block}<\/style>\t\t\t\t<p>\u00a0<\/p><p>Em 2008, OEDH &#8211;\u00a0<a href=\"https:\/\/www2.unesp.br\/portal#!\/observatorio_ses\/\" rel=\"nofollow\">Observat\u00f3rio de Educa\u00e7\u00e3o em Direitos Humanos<\/a>\u00a0da Unesp de Bauru ofereceu na SME\/NAPEM um curso introdut\u00f3rio de\u00a0<em>Educa\u00e7\u00e3o em Direitos Humanos<\/em>\u00a0&#8211; EDH, do qual participou grande parte dos diretores da Rede Municipal de Ensino. Deu-se assim o in\u00edcio do projeto: <a href=\"https:\/\/www2.faac.unesp.br\/oedh-nedh\/?page_id=67\">Cultivando os Direitos Humanos na Educa\u00e7\u00e3o B\u00e1sica.<\/a><\/p><p>O trabalho do OEDH tem seus fundamentos no &#8220;<em><a href=\"https:\/\/nacoesunidas.org\/unesco-disponibiliza-programa-mundial-de-educacao-em-direitos-humanos-em-portugues\/\" target=\"_blank\" rel=\"nofollow noopener\">Programa Mundial de Educa\u00e7\u00e3o em Direitos Humanos<\/a><\/em>&#8221; da ONU\/UNESCO (2005); &#8220;<em><a href=\"http:\/\/portal.mec.gov.br\/docman\/2191-plano-nacional-pdf\/file\" target=\"_blank\" rel=\"nofollow noopener\">Plano Nacional de Educa\u00e7\u00e3o em Direitos Humanos<\/a><\/em>&#8221; &#8211; PNEDH da SEDH-Brasil (2006) e nas &#8220;<em><a href=\"https:\/\/www.gov.br\/mdh\/pt-br\/navegue-por-temas\/educacao-em-direitos-humanos\/diretrizes-nacionais-para-a-educacao-em-direitos-humanos\" target=\"_blank\" rel=\"nofollow noopener\">Diretrizes Nacionais para a Educa\u00e7\u00e3o em Direitos Humanos<\/a><\/em>&#8221; do MEC-Brasil (2012).\u00a0<\/p><p>Ao longo do ano de 2009, como desdobramento do curso inicial, houve &#8211; no NAPEM &#8211; encontros peri\u00f3dicos de estudos sobre Educa\u00e7\u00e3o em Direitos Humanos &#8211; EDH, com diretores e professores de 14 escolas da Rede Municipal de Ensino, interessados na tem\u00e1tica.<\/p><p>Em 2010, o Poder Executivo Municipal, pelo\u00a0<a href=\"https:\/\/www2.bauru.sp.gov.br\/arquivos\/sist_diariooficial\/2010\/05\/do_20100518_1812.pdf\" target=\"_blank\" rel=\"nofollow noopener\">Decreto de n\u00b0 11.244<\/a>, de 14 de maio, instituiu o NEDH &#8211; N\u00facleo de Educa\u00e7\u00e3o em Direitos Humanos, na Secretaria Municipal de Educa\u00e7\u00e3o de Bauru, com objetivo de promover na Rede Municipal de Ensino projetos e atividades de Educa\u00e7\u00e3o em Direitos Humanos.<\/p><p>Em 2011, o NEDH criou seu\u00a0<a href=\"http:\/\/hotsite.bauru.sp.gov.br\/nedh\/\" target=\"_blank\" rel=\"nofollow noopener\">site<\/a>.<\/p><p>Em 2012, a SME lan\u00e7ou o\u00a0<em><a href=\"https:\/\/sites.bauru.sp.gov.br\/pme\/arquivos\/website_pme\/arquivos\/Documento%20consolidado%20do%20PME%20com%20adequa%C3%A7%C3%A3o%20ao%20PNE%E2%80%93%202012%E2%80%932022.pdf\" target=\"_blank\" rel=\"nofollow noopener\">Plano Municipal da Educa\u00e7\u00e3o<\/a><\/em>, contendo a EDH como base de suas diretrizes axiol\u00f3gicas para a educa\u00e7\u00e3o. O PME teve sua primeira avalia\u00e7\u00e3o em 2016, com aprova\u00e7\u00e3o de continuidade. O NEDH participou ativamente dos projetos de implementa\u00e7\u00e3o do PME referentes \u00e0 reformula\u00e7\u00e3o dos Projetos Pol\u00edticos Pedag\u00f3gicos, \u00e0 constitui\u00e7\u00e3o dos Conselhos Escolares nas EMEIs, do fortalecimento dos Gr\u00eamios, dentre outros.<\/p><p>O NEDH tem desenvolvido ao longo dos anos, atividades de Educa\u00e7\u00e3o em Direitos Humanos, na Rede Municipal de Ensino de Bauru, por meio de:<\/p><ul><li>encontros quinzenais de estudos de EDH e planejamento de a\u00e7\u00f5es com professores-membros do NEDH, composto por diretores;<\/li><li>visitas de orienta\u00e7\u00e3o pedag\u00f3gica \u00e0s escolas;<\/li><li>palestras a diretores e coordenadores da Rede Municipal de Ensino;<\/li><li>oficinas e cursos semestrais de EDH;\u00a0<\/li><li>participa\u00e7\u00e3o dos professores do NEDH em eventos de Direitos Humanos;<\/li><li>boletins informativos eletr\u00f4nicos, com subs\u00eddios para atividades de EDH.<\/li><\/ul><p>Em 2018, iniciou-se um trabalho de orienta\u00e7\u00e3o \u00e0s escolas para inserir explicitamente no Projeto Pol\u00edtico Pedag\u00f3gico (PPP) &#8211; conforme consta no Plano Municipal de Educa\u00e7\u00e3o de Bauru.<\/p><p>Em 2020, com Pandemia, o NEDH continuou seus encontros de estudos online, voltados principalmente para a confec\u00e7\u00e3o de atividades educa\u00e7\u00e3o em direitos humanos a serem desenvolvidas com as crian\u00e7as e adolescentes, na fam\u00edlia. A divulga\u00e7\u00e3o inicial come\u00e7a com curso: Li\u00e7\u00f5es de educa\u00e7\u00e3o em direitos humanos na pandemia&#8221;<\/p><p>*\u00a0 *\u00a0 *\u00a0 *\u00a0 *<\/p><p>\u00a0\u201cCultivando os Direitos Humanos na Educa\u00e7\u00e3o B\u00e1sica\u201d \u00e9 um projeto de Extens\u00e3o Universit\u00e1ria, criado pelo OEDH &#8211; Observat\u00f3rio de Educa\u00e7\u00e3o em Direitos Humanos da Unesp\/FAAC, campus de Bauru e fundamentado no PNEDH &#8211; Plano Nacional de Educa\u00e7\u00e3o em Humanos (SEDH-PR &#8211; 2003\/2006) e nas Diretrizes Nacionais para Educa\u00e7\u00e3o em Direitos Humanos (MEC-2012).<\/p><p>O projeto: Cultivando os Direitos Humanos na Educa\u00e7\u00e3o B\u00e1sica teve in\u00edcio, na Rede Municipal de Ensino de Bauru, em agosto de 2008, com um curso sobre Educa\u00e7\u00e3o em Direitos Humanos para 20 diretoras de EMEIS e de EMEF, realizado no NAPEM \u2013 N\u00facleo de Aperfei\u00e7oamento Profissional da Educa\u00e7\u00e3o Municipal da SME-Bauru. Coordena\u00e7\u00e3o: Prof. Dr. Clodoaldo Meneguello Cardoso (FAAC-Unesp) e Profa. Dra. Vera L\u00facia Messias F. Capellini (FC-Unesp.<\/p><p>Em 2009, foram realizados v\u00e1rios encontros de estudos de Educa\u00e7\u00e3o em Direitos Humanos com a participa\u00e7\u00e3o de 14 escolas da Rede Municipal de Ensino<br \/>&#8211; EMEI Arlindo Bolmer Guedes de Azevedo<br \/>&#8211; EMEI Carlos Gomes Peixoto de Mello<br \/>&#8211; EMEI Francisco Gabriele Neto<br \/>&#8211; EMEI Gasparzinho<br \/>&#8211; EMEI Gilda dos Santos Improta<br \/>&#8211; EMEI Isaac Portal Roldan<br \/>&#8211; EMEI Lourdes de Oliveira Colnagli<br \/>&#8211; EMEI Maria da C. C. Gelosnese<br \/>&#8211; EMEI M\u00e1rcia Bighetti<br \/>&#8211; EMEI Nidoval Reis<br \/>&#8211; EMEI Roberval Barros<br \/>&#8211; EMEI Val\u00e9ria de Oliveira Asenjo<br \/>&#8211; EMEI Ven\u00e2ncio R. G. de Azevedo<br \/>&#8211; EMEF Santa Maria<\/p><p>Em 14 de maio de 2010, foi criado, na Secretaria Municipal de Educa\u00e7\u00e3o de Bauru, o <a href=\"https:\/\/www2.bauru.sp.gov.br\/arquivos\/sist_diariooficial\/2010\/05\/do_20100515_1811.pdf\"><strong>NEDH \u2013 N\u00facleo de Educa\u00e7\u00e3o em Direitos Humanos pelo\u00a0 Decreto n\u00ba 11.244 <\/strong><\/a><strong>\u00a0<\/strong>do ent\u00e3o prefeito municipal Rodrigo Antonio de Agostinho Mendon\u00e7a.<\/p><p><span style=\"font-size: 15px;\">Ainda em 2010, o NEDH constituiu 3 escolas como polos experimentais de aplica\u00e7\u00e3o da Educa\u00e7\u00e3o em Direitos Humanos:<br \/><\/span><span style=\"font-size: 15px;\">&#8211; EMEI M\u00e1rcia Bighetti<br \/><\/span><span style=\"font-size: 15px;\">&#8211; EMEI Ven\u00e2ncio R. G. de Azevedo<br \/><\/span><span style=\"font-size: 15px;\">&#8211; EMEF Sta. Maria<\/span><\/p><p><strong>1\u00aa COMPOSI\u00c7\u00c3O DO NEDH &#8211; 2010<\/strong><br \/>I <span style=\"font-family: Calibri, sans-serif;\"><span style=\"font-size: medium;\"> \u2013<\/span><\/span> Docente da Universidade Estadual Paulista \u2013 Unesp:<br \/>\u00a0 \u00a0 &#8211; Clodoaldo Meneguello Cardoso \u00a0(coordenador)<br \/>II <span style=\"font-family: Calibri, sans-serif;\"><span style=\"font-size: medium;\"> \u2013<\/span><\/span> Representante da Secretaria Municipal da Educa\u00e7\u00e3o de Bauru <br \/>\u00a0 \u00a0 \u00a0Titular: Amarildo Gomes Pereira<br \/>\u00a0Suplente: M\u00e1rcia Barravieira N\u00f3brega<br \/>III\u00a0<span style=\"font-family: Calibri, sans-serif;\"><span style=\"font-size: medium;\"> \u2013<\/span><\/span> Representantes das Escolas Municipais do Ensino Fundamental<br \/>\u00a0 \u00a0 \u00a0Titular: Alexsandra Jabur Lot Rodrigues<br \/>\u00a0Suplente: Adriana Yara Dantas Canal Minozzi<br \/>IV<span style=\"font-family: Calibri, sans-serif;\"><span style=\"font-size: medium;\">\u00a0\u2013<\/span><\/span> Representantes das Escolas Municipais de Educa\u00e7\u00e3o Infantil<br \/>\u00a0 \u00a0Titular: Renata Maria Landi<br \/>\u00a0Suplente: Maria Aparecida Vianna Rosseto<\/p><p style=\"text-align: center;\">*\u00a0 *\u00a0 *\u00a0 *\u00a0 *<\/p><p>Com atividade ininterrupta desde 2008, a aplica\u00e7\u00e3o do projeto <em>Cultivando os Direitos Humanos na Educa\u00e7\u00e3o B\u00e1sica, <\/em>adotou uma metodologia bastante diversificada para atender cada etapa de seu desenvolvimento e a demanda de cada momento hist\u00f3rico.<\/p><p>Com a cria\u00e7\u00e3o do NEDH e das escolas-polo, em 2010, houve um avan\u00e7o qualitativo no desenvolvimento do projeto. Neste momento, estabeleceu-se como prioridade a forma\u00e7\u00e3o de monitores do projeto, membros do NEDH, por meio de encontros quinzenais de estudos de fundamenta\u00e7\u00e3o te\u00f3rico\/metodol\u00f3gica e para elabora\u00e7\u00e3o de cursos, propostas de atividades did\u00e1ticas em EDH.<\/p><p>Outra atividade permanente do projeto \u00e9 o oferecimento de cursos anuais ou semestrais de EDH, no programa de forma\u00e7\u00e3o continuada da SME. Alguns temas de cursos e encontros: \u201cEduca\u00e7\u00e3o em Direito Humanos\u201d (Introdu\u00e7\u00e3o),\u00a0 \u201cConviv\u00eancia solid\u00e1ria\u201d; \u201cDesigualdade social\u201d;\u00a0 \u201cDireitos Humanos na escola: \u00a0na busca de nossos direitos\u201d; \u201cEduca\u00e7\u00e3o em Direitos Humanos: respeitar \u00e9 preciso \u2013 da teoria \u00e0 pr\u00e1tica\u201d; \u201cIntrodu\u00e7\u00e3o \u00e0 Educa\u00e7\u00e3o em Direitos Humanos: fundamentos e experi\u00eancias\u201d<\/p><p>A partir de 2013, o projeto de EDH agregou nova metodologia de a\u00e7\u00e3o: passou atuar como tema transversal em outros projetos da SME como: \u201cConselho de Escola\u201d; \u201cGr\u00eamio Estudantil\u201d, \u201cProjeto Pol\u00edtico Pedag\u00f3gico\u201d.<\/p><p>Desde de 2019, com a pandemia do Covid 19, as atividades foram direcionadas a cursos on-line, priorizando a metodologia da \u201croda de conversa\u201d, para estimular a participa\u00e7\u00e3o dos docentes e diretores. Os destaques ficam para as campanhas educativas: \u201cDemocracia sim!\u201d (2019), \u201cIsto \u00e9 direito humano!\u201d (2020) e os cursos: \u201cLi\u00e7\u00f5es de EDH na pandemia\u201d (2 edi\u00e7\u00f5es) (2020\/2021) a serem desenvolvidas pelos educandos, na fam\u00edlia;\u00a0 \u201cEduca\u00e7\u00e3o em Direitos Humanos e a Gest\u00e3o Escolar\u201d (2021); \u00a0e roda de di\u00e1logo: \u201cEduca\u00e7\u00e3o em Direitos Humanos e o direito \u00e0 alimenta\u00e7\u00e3o\u201d (2021).<\/p><p>Desde 2020, o projeto mant\u00e9m permanente interc\u00e2mbio com outras experi\u00eancias de EDH, principalmente por meio da ReBEDH &#8211; Rede Brasileira em Educa\u00e7\u00e3o em Direitos Humanos.<\/p><p>A partir dos tempos de pandemia e da extens\u00e3o do n\u00famero de escolas da Rede Municipal de Ensino, o projeto adotou as metodologias de contatos a dist\u00e2ncia:\u00a0 cursos em EAD, reuni\u00f5es online ou h\u00edbridas, grupos de WhatsApp, etc.<\/p><p>Em 2025, o projeto est\u00e1 compondo, com outros projetos de extens\u00e3o da Unesp de EDH, a Rede Tem\u00e1tica: &#8220;Educa\u00e7\u00e3o em Direitos Humanos&#8221;.<\/p>\t\t\t\t\t\t<\/div>\n\t\t\t\t<\/div>\n\t\t\t\t\t<\/div>\n\t\t<\/div>\n\t\t\t\t\t<\/div>\n\t\t<\/section>\n\t\t\t\t<\/div>\n\t\t","protected":false},"excerpt":{"rendered":"<p>Mem\u00f3ria \u00a0 Em 2008, OEDH &#8211;\u00a0Observat\u00f3rio de Educa\u00e7\u00e3o em Direitos Humanos\u00a0da Unesp de Bauru ofereceu na SME\/NAPEM um curso introdut\u00f3rio de\u00a0Educa\u00e7\u00e3o em Direitos Humanos\u00a0&#8211; EDH, do qual participou grande parte dos diretores da Rede Municipal de Ensino. Deu-se assim o &hellip; <a href=\"https:\/\/www2.faac.unesp.br\/oedh-nedh\/?page_id=36\">Continue lendo <span class=\"meta-nav\">&rarr;<\/span><\/a><\/p>\n","protected":false},"author":2,"featured_media":0,"parent":0,"menu_order":0,"comment_status":"closed","ping_status":"closed","template":"","meta":{"footnotes":""},"_links":{"self":[{"href":"https:\/\/www2.faac.unesp.br\/oedh-nedh\/index.php?rest_route=\/wp\/v2\/pages\/36"}],"collection":[{"href":"https:\/\/www2.faac.unesp.br\/oedh-nedh\/index.php?rest_route=\/wp\/v2\/pages"}],"about":[{"href":"https:\/\/www2.faac.unesp.br\/oedh-nedh\/index.php?rest_route=\/wp\/v2\/types\/page"}],"author":[{"embeddable":true,"href":"https:\/\/www2.faac.unesp.br\/oedh-nedh\/index.php?rest_route=\/wp\/v2\/users\/2"}],"replies":[{"embeddable":true,"href":"https:\/\/www2.faac.unesp.br\/oedh-nedh\/index.php?rest_route=%2Fwp%2Fv2%2Fcomments&post=36"}],"version-history":[{"count":85,"href":"https:\/\/www2.faac.unesp.br\/oedh-nedh\/index.php?rest_route=\/wp\/v2\/pages\/36\/revisions"}],"predecessor-version":[{"id":2562,"href":"https:\/\/www2.faac.unesp.br\/oedh-nedh\/index.php?rest_route=\/wp\/v2\/pages\/36\/revisions\/2562"}],"wp:attachment":[{"href":"https:\/\/www2.faac.unesp.br\/oedh-nedh\/index.php?rest_route=%2Fwp%2Fv2%2Fmedia&parent=36"}],"curies":[{"name":"wp","href":"https:\/\/api.w.org\/{rel}","templated":true}]}}