{"id":2892,"date":"2025-08-04T18:30:13","date_gmt":"2025-08-04T21:30:13","guid":{"rendered":"https:\/\/www2.faac.unesp.br\/oedh-nedh\/?page_id=2892"},"modified":"2025-08-04T19:24:31","modified_gmt":"2025-08-04T22:24:31","slug":"pratica-pedagogica-5-educacao-infantil","status":"publish","type":"page","link":"https:\/\/www2.faac.unesp.br\/oedh-nedh\/?page_id=2892","title":{"rendered":"Pr\u00e1tica pedag\u00f3gica 2 &#8211; Ensino Fundamental I"},"content":{"rendered":"\t\t<div data-elementor-type=\"wp-page\" data-elementor-id=\"2892\" class=\"elementor elementor-2892\">\n\t\t\t\t\t\t<section class=\"elementor-section elementor-top-section elementor-element elementor-element-1d1913d elementor-section-boxed elementor-section-height-default elementor-section-height-default\" data-id=\"1d1913d\" data-element_type=\"section\">\n\t\t\t\t\t\t<div class=\"elementor-container elementor-column-gap-default\">\n\t\t\t\t\t<div class=\"elementor-column elementor-col-100 elementor-top-column elementor-element elementor-element-5f806fd\" data-id=\"5f806fd\" data-element_type=\"column\">\n\t\t\t<div class=\"elementor-widget-wrap elementor-element-populated\">\n\t\t\t\t\t\t<div class=\"elementor-element elementor-element-fd11bbd elementor-invisible elementor-widget elementor-widget-heading\" data-id=\"fd11bbd\" data-element_type=\"widget\" data-settings=\"{&quot;_animation&quot;:&quot;fadeInDown&quot;,&quot;_animation_mobile&quot;:&quot;fadeInDown&quot;}\" data-widget_type=\"heading.default\">\n\t\t\t\t<div class=\"elementor-widget-container\">\n\t\t\t<style>\/*! elementor - v3.21.0 - 26-05-2024 *\/\n.elementor-heading-title{padding:0;margin:0;line-height:1}.elementor-widget-heading .elementor-heading-title[class*=elementor-size-]>a{color:inherit;font-size:inherit;line-height:inherit}.elementor-widget-heading .elementor-heading-title.elementor-size-small{font-size:15px}.elementor-widget-heading .elementor-heading-title.elementor-size-medium{font-size:19px}.elementor-widget-heading .elementor-heading-title.elementor-size-large{font-size:29px}.elementor-widget-heading .elementor-heading-title.elementor-size-xl{font-size:39px}.elementor-widget-heading .elementor-heading-title.elementor-size-xxl{font-size:59px}<\/style><h1 class=\"elementor-heading-title elementor-size-small\">Educa\u00e7\u00e3o Fundamental I<\/h1>\t\t<\/div>\n\t\t\t\t<\/div>\n\t\t\t\t<div class=\"elementor-element elementor-element-0a5eb78 elementor-invisible elementor-widget elementor-widget-heading\" data-id=\"0a5eb78\" data-element_type=\"widget\" data-settings=\"{&quot;_animation&quot;:&quot;fadeInDown&quot;}\" data-widget_type=\"heading.default\">\n\t\t\t\t<div class=\"elementor-widget-container\">\n\t\t\t<h2 class=\"elementor-heading-title elementor-size-large\">Pr\u00e1tica pedag\u00f3gica 2<\/h2>\t\t<\/div>\n\t\t\t\t<\/div>\n\t\t\t\t\t<\/div>\n\t\t<\/div>\n\t\t\t\t\t<\/div>\n\t\t<\/section>\n\t\t\t\t<section class=\"elementor-section elementor-top-section elementor-element elementor-element-f5a90d4 elementor-section-boxed elementor-section-height-default elementor-section-height-default\" data-id=\"f5a90d4\" data-element_type=\"section\">\n\t\t\t\t\t\t<div class=\"elementor-container elementor-column-gap-default\">\n\t\t\t\t\t<div class=\"elementor-column elementor-col-100 elementor-top-column elementor-element elementor-element-7b1f312\" data-id=\"7b1f312\" data-element_type=\"column\">\n\t\t\t<div class=\"elementor-widget-wrap elementor-element-populated\">\n\t\t\t\t\t\t<div class=\"elementor-element elementor-element-1c80e02 elementor-invisible elementor-widget elementor-widget-text-editor\" data-id=\"1c80e02\" data-element_type=\"widget\" data-settings=\"{&quot;_animation&quot;:&quot;fadeIn&quot;}\" data-widget_type=\"text-editor.default\">\n\t\t\t\t<div class=\"elementor-widget-container\">\n\t\t\t<style>\/*! elementor - v3.21.0 - 26-05-2024 *\/\n.elementor-widget-text-editor.elementor-drop-cap-view-stacked .elementor-drop-cap{background-color:#69727d;color:#fff}.elementor-widget-text-editor.elementor-drop-cap-view-framed .elementor-drop-cap{color:#69727d;border:3px solid;background-color:transparent}.elementor-widget-text-editor:not(.elementor-drop-cap-view-default) .elementor-drop-cap{margin-top:8px}.elementor-widget-text-editor:not(.elementor-drop-cap-view-default) .elementor-drop-cap-letter{width:1em;height:1em}.elementor-widget-text-editor .elementor-drop-cap{float:left;text-align:center;line-height:1;font-size:50px}.elementor-widget-text-editor .elementor-drop-cap-letter{display:inline-block}<\/style>\t\t\t\t<p><strong>Dados<\/strong><br \/><strong>T\u00edtulo da atividade:<\/strong> Trabalhando a pluralidade cultural\u00a0<strong><br \/>Escola<\/strong><strong>:<\/strong> E. E Ana Rosa Zuicker D\u2019annunziata e E. E. Parque Jaragu\u00e1 \/ Bauru-SP.<br \/><strong>Professoras: <\/strong>Ana Carolina Galv\u00e3o Marsiglia; Mariana Vaitiekunas Pizarro<br \/><strong>Dura\u00e7\u00e3o<\/strong><strong> da atividade<\/strong>: 10 horas<br \/>Participantes: aluno da 1\u00aa s\u00e9rie do Ensino Fundamental I<br \/><strong>Conte\u00fados<\/strong>: ra\u00e7a; preconceito; diversidade;\u00a0 igualdade<br \/><strong>Disciplinas<\/strong><strong> envolvidas:<\/strong> Hist\u00f3ria, Geografia e Linguagem.<br \/><strong>Metodologia:<br \/><\/strong>As atividades foram desenvolvidas segundo a fundamenta\u00e7\u00e3o da Pedagogia hist\u00f3rico-cr\u00edtica (PHC), utilizando Hist\u00f3rias em Quadrinhos como meio de aprendizagem. A PHC prop\u00f5e o trabalho did\u00e1tico em 5 momentos:<br \/>1) Pr\u00e1tica social inicial: verificar atrav\u00e9s de desenhos os conhecimentos pr\u00e9vios das crian\u00e7as sobre diferen\u00e7as raciais;<br \/>2) Problematiza\u00e7\u00e3o: levantar, a partir da an\u00e1lise e discuss\u00e3o dos desenhos da etapa anterior, como as crian\u00e7as percebem os conceitos de igualdade \/ diversidade;<br \/>3) Instrumentaliza\u00e7\u00e3o: exibi\u00e7\u00e3o de v\u00eddeo e leitura de hist\u00f3rias, seguido de conversa sobre o assunto;<br \/>4) Catarse: registros da compreens\u00e3o das atividades atrav\u00e9s de desenhos no formato de quadrinhos;<br \/>5) Pr\u00e1tica social qualitativamente superior: elabora\u00e7\u00e3o de uma hist\u00f3ria (coletivamente) sobre diversidade \/ igualdade, utilizando os personagens da \u201cTurma da M\u00f4nica\u201d; <br \/>6) Dramatiza\u00e7\u00e3o da hist\u00f3ria com dedoches; 7) registro em forma de quadrinhos da hist\u00f3ria elaborada.<br \/><strong>Recursos:<\/strong><strong><br \/><\/strong>&#8211; livros did\u00e1ticos e paradid\u00e1ticos;<br \/>&#8211; Revista de hist\u00f3rias em quadrinhos;<br \/>&#8211; Pap\u00e9is, l\u00e1pis de cor<br \/>&#8211; Dedoches (fantoches de dedo)<br \/><strong>Avalia\u00e7\u00e3o:<br \/><\/strong>&#8211; A compreens\u00e3o do tema ser\u00e1 verificada atrav\u00e9s da an\u00e1lise comparativa das produ\u00e7\u00f5es das crian\u00e7as (desenhos) e dos destaques dados ao assunto na elabora\u00e7\u00e3o de uma hist\u00f3ria em quadrinhos.<br \/><strong>Refer\u00eancias:<\/strong><br \/>&#8211; APOLIN\u00c1RIO, M. R. (editora respons\u00e1vel). <strong>Projeto<\/strong><strong> Pitangu\u00e1 \u2013 1\u00aa. S\u00e9rie.<\/strong> S\u00e3o Paulo: Moderna, 2005.<br \/>&#8211; BRASIL. Minist\u00e9rio da Educa\u00e7\u00e3o. Secretaria da Educa\u00e7\u00e3o Fundamental. <strong>Par\u00e2metros<\/strong><strong> curriculares nacionais: pluralidade cultural: orienta\u00e7\u00e3o sexual.<\/strong> 3a. ed. Bras\u00edlia, 2001.<br \/>&#8211; ECO, U. CARMI, E. <strong>Os tr\u00eas astronautas.<\/strong> 10a. ed. S\u00e3o Paulo: \u00c1tica, 2002.<br \/>&#8211; FURLAN, S. A. SCARLATO, F.C. CARVALHO, A.F. <strong>Geografia<\/strong><strong> \u2013 1\u00aa. S\u00e9rie. <\/strong>S\u00e3o Paulo: IBEP, 2005.<br \/>&#8211; GASPARIN, J. L. <strong>Uma did\u00e1tica para a pedagogia hist\u00f3rico-cr\u00edtica<\/strong>. Campinas: Autores Associados, 2002.<br \/>&#8211; MAURICIO DE SOUSA PRODU\u00c7\u00d5ES. <strong>O que fazer com tantas t\u00e1buas<\/strong><strong>?<\/strong> <em>In<\/em>: Cebolinha<strong>. <\/strong>S\u00e3o Paulo: Globo, No. 231. p. 36-38.<br \/>&#8211; PARR, T. <strong>Tudo<\/strong><strong> bem ser diferente. <\/strong>S\u00e3o Paulo: Panda, 2002.<br \/>&#8211; SAVIANI, D. <strong>Escola<\/strong><strong> e democracia<\/strong>. 34. ed. Campinas: Autores Associados, 2001.<br \/>&#8211; SAVIANI, D.\u00a0<strong>Pedagogia<\/strong><strong> hist\u00f3rico-cr\u00edtica<\/strong>: primeiras aproxima\u00e7\u00f5es. 8. ed. Campinas: Autores Associados, 2003.<\/p><p><strong>\u00a0 \u00a0 \u00a0 \u00a0 \u00a0 \u00a0 \u00a0 \u00a0 \u00a0 \u00a0 \u00a0 \u00a0 \u00a0 \u00a0 \u00a0 *\u00a0 \u00a0 *\u00a0 \u00a0 *\u00a0<\/strong><\/p>\t\t\t\t\t\t<\/div>\n\t\t\t\t<\/div>\n\t\t\t\t\t<\/div>\n\t\t<\/div>\n\t\t\t\t\t<\/div>\n\t\t<\/section>\n\t\t\t\t<\/div>\n\t\t","protected":false},"excerpt":{"rendered":"<p>Educa\u00e7\u00e3o Fundamental I Pr\u00e1tica pedag\u00f3gica 2 DadosT\u00edtulo da atividade: Trabalhando a pluralidade cultural\u00a0Escola: E. E Ana Rosa Zuicker D\u2019annunziata e E. E. Parque Jaragu\u00e1 \/ Bauru-SP.Professoras: Ana Carolina Galv\u00e3o Marsiglia; Mariana Vaitiekunas PizarroDura\u00e7\u00e3o da atividade: 10 horasParticipantes: aluno da 1\u00aa &hellip; <a href=\"https:\/\/www2.faac.unesp.br\/oedh-nedh\/?page_id=2892\">Continue lendo <span class=\"meta-nav\">&rarr;<\/span><\/a><\/p>\n","protected":false},"author":2,"featured_media":0,"parent":0,"menu_order":0,"comment_status":"closed","ping_status":"closed","template":"","meta":{"footnotes":""},"_links":{"self":[{"href":"https:\/\/www2.faac.unesp.br\/oedh-nedh\/index.php?rest_route=\/wp\/v2\/pages\/2892"}],"collection":[{"href":"https:\/\/www2.faac.unesp.br\/oedh-nedh\/index.php?rest_route=\/wp\/v2\/pages"}],"about":[{"href":"https:\/\/www2.faac.unesp.br\/oedh-nedh\/index.php?rest_route=\/wp\/v2\/types\/page"}],"author":[{"embeddable":true,"href":"https:\/\/www2.faac.unesp.br\/oedh-nedh\/index.php?rest_route=\/wp\/v2\/users\/2"}],"replies":[{"embeddable":true,"href":"https:\/\/www2.faac.unesp.br\/oedh-nedh\/index.php?rest_route=%2Fwp%2Fv2%2Fcomments&post=2892"}],"version-history":[{"count":38,"href":"https:\/\/www2.faac.unesp.br\/oedh-nedh\/index.php?rest_route=\/wp\/v2\/pages\/2892\/revisions"}],"predecessor-version":[{"id":2937,"href":"https:\/\/www2.faac.unesp.br\/oedh-nedh\/index.php?rest_route=\/wp\/v2\/pages\/2892\/revisions\/2937"}],"wp:attachment":[{"href":"https:\/\/www2.faac.unesp.br\/oedh-nedh\/index.php?rest_route=%2Fwp%2Fv2%2Fmedia&parent=2892"}],"curies":[{"name":"wp","href":"https:\/\/api.w.org\/{rel}","templated":true}]}}