{"id":274,"date":"2022-02-10T21:38:00","date_gmt":"2022-02-11T00:38:00","guid":{"rendered":"https:\/\/www2.faac.unesp.br\/oedh-nedh\/?page_id=274"},"modified":"2025-06-24T15:32:15","modified_gmt":"2025-06-24T18:32:15","slug":"documentos","status":"publish","type":"page","link":"https:\/\/www2.faac.unesp.br\/oedh-nedh\/?page_id=274","title":{"rendered":"Documentos"},"content":{"rendered":"\t\t<div data-elementor-type=\"wp-page\" data-elementor-id=\"274\" class=\"elementor elementor-274\">\n\t\t\t\t\t\t<section class=\"elementor-section elementor-top-section elementor-element elementor-element-8d172f0 elementor-section-height-min-height elementor-section-stretched elementor-section-full_width elementor-section-items-stretch elementor-section-height-default\" data-id=\"8d172f0\" data-element_type=\"section\" data-settings=\"{&quot;stretch_section&quot;:&quot;section-stretched&quot;}\">\n\t\t\t\t\t\t<div class=\"elementor-container elementor-column-gap-default\">\n\t\t\t\t\t<div class=\"elementor-column elementor-col-100 elementor-top-column elementor-element elementor-element-4b8d61a\" data-id=\"4b8d61a\" data-element_type=\"column\">\n\t\t\t<div class=\"elementor-widget-wrap elementor-element-populated\">\n\t\t\t\t\t\t<div class=\"elementor-element elementor-element-2dbdaff elementor-widget__width-initial elementor-invisible elementor-widget elementor-widget-heading\" data-id=\"2dbdaff\" data-element_type=\"widget\" data-settings=\"{&quot;_animation&quot;:&quot;fadeInDown&quot;,&quot;_animation_mobile&quot;:&quot;fadeInDown&quot;}\" data-widget_type=\"heading.default\">\n\t\t\t\t<div class=\"elementor-widget-container\">\n\t\t\t<style>\/*! elementor - v3.21.0 - 26-05-2024 *\/\n.elementor-heading-title{padding:0;margin:0;line-height:1}.elementor-widget-heading .elementor-heading-title[class*=elementor-size-]>a{color:inherit;font-size:inherit;line-height:inherit}.elementor-widget-heading .elementor-heading-title.elementor-size-small{font-size:15px}.elementor-widget-heading .elementor-heading-title.elementor-size-medium{font-size:19px}.elementor-widget-heading .elementor-heading-title.elementor-size-large{font-size:29px}.elementor-widget-heading .elementor-heading-title.elementor-size-xl{font-size:39px}.elementor-widget-heading .elementor-heading-title.elementor-size-xxl{font-size:59px}<\/style><h2 class=\"elementor-heading-title elementor-size-medium\">     Documentos<\/h2>\t\t<\/div>\n\t\t\t\t<\/div>\n\t\t\t\t<div class=\"elementor-element elementor-element-ec0c1a0 elementor-widget__width-initial elementor-invisible elementor-widget elementor-widget-text-editor\" data-id=\"ec0c1a0\" data-element_type=\"widget\" data-settings=\"{&quot;_animation&quot;:&quot;fadeIn&quot;}\" data-widget_type=\"text-editor.default\">\n\t\t\t\t<div class=\"elementor-widget-container\">\n\t\t\t<style>\/*! elementor - v3.21.0 - 26-05-2024 *\/\n.elementor-widget-text-editor.elementor-drop-cap-view-stacked .elementor-drop-cap{background-color:#69727d;color:#fff}.elementor-widget-text-editor.elementor-drop-cap-view-framed .elementor-drop-cap{color:#69727d;border:3px solid;background-color:transparent}.elementor-widget-text-editor:not(.elementor-drop-cap-view-default) .elementor-drop-cap{margin-top:8px}.elementor-widget-text-editor:not(.elementor-drop-cap-view-default) .elementor-drop-cap-letter{width:1em;height:1em}.elementor-widget-text-editor .elementor-drop-cap{float:left;text-align:center;line-height:1;font-size:50px}.elementor-widget-text-editor .elementor-drop-cap-letter{display:inline-block}<\/style>\t\t\t\t<p>\u00a0<\/p><ul><li><a href=\"http:\/\/www.dhnet.org.br\/dados\/textos\/edh\/br\/plano_acao_programa_mundial_edh_pt.pdf\">Programa Mundial para a Educa\u00e7\u00e3o em Direitos Humanos (ONU &#8211; 2005)<\/a><\/li><li><a href=\"http:\/\/portal.mec.gov.br\/docman\/2191-plano-nacional-pdf\/file\">Plano Nacional de Educa\u00e7\u00e3o em Direitos Humanos (SDH\/PR &#8211; 2006)<\/a><\/li><li><a href=\"https:\/\/www.gov.br\/mdh\/pt-br\/navegue-por-temas\/educacao-em-direitos-humanos\/DiretrizesNacionaisEDH.pdf\">Diretrizes Nacionais para a Educa\u00e7\u00e3o em Direitos Humanos (CNE &#8211; 2012)<\/a><\/li><li><a href=\"http:\/\/observatorioedhemfoc.hospedagemdesites.ws\/observatorio\/wp-content\/uploads\/2013\/10\/Anexo40_Diretrizes-da-Educa%C3%A7%C3%A3o-em-Direitos-Humanos.pdf\">Educa\u00e7\u00e3o em Direitos Humanos: diretrizes nacionais (SDH\/PR &#8211; 2013)<\/a><\/li><li><a href=\"https:\/\/abpeducom.org.br\/wp-content\/uploads\/2019\/03\/PlanoEstadualdeEducacaoemDireitosHumanos2018.pdf\">Plano Estadual de Educa\u00e7\u00e3o em Direitos Humanos de S\u00e3o Paulo (CEDH-SP &#8211; 2018)<\/a><\/li><li><a href=\"https:\/\/sites.bauru.sp.gov.br\/pme\/arquivos\/website_pme\/arquivos\/Documento%20consolidado%20do%20PME%20com%20adequa%C3%A7%C3%A3o%20ao%20PNE%E2%80%93%202012%E2%80%932022.pdf\">Plano Municipal de Educa\u00e7\u00e3o de Bauru (Doc. de Consolida\u00e7\u00e3o, p. 38) (SME &#8211; 2012)<\/a><\/li><\/ul>\t\t\t\t\t\t<\/div>\n\t\t\t\t<\/div>\n\t\t\t\t\t<\/div>\n\t\t<\/div>\n\t\t\t\t\t<\/div>\n\t\t<\/section>\n\t\t\t\t<\/div>\n\t\t","protected":false},"excerpt":{"rendered":"<p>Documentos \u00a0 Programa Mundial para a Educa\u00e7\u00e3o em Direitos Humanos (ONU &#8211; 2005) Plano Nacional de Educa\u00e7\u00e3o em Direitos Humanos (SDH\/PR &#8211; 2006) Diretrizes Nacionais para a Educa\u00e7\u00e3o em Direitos Humanos (CNE &#8211; 2012) Educa\u00e7\u00e3o em Direitos Humanos: diretrizes nacionais &hellip; <a href=\"https:\/\/www2.faac.unesp.br\/oedh-nedh\/?page_id=274\">Continue lendo <span class=\"meta-nav\">&rarr;<\/span><\/a><\/p>\n","protected":false},"author":2,"featured_media":0,"parent":0,"menu_order":0,"comment_status":"closed","ping_status":"closed","template":"","meta":{"footnotes":""},"_links":{"self":[{"href":"https:\/\/www2.faac.unesp.br\/oedh-nedh\/index.php?rest_route=\/wp\/v2\/pages\/274"}],"collection":[{"href":"https:\/\/www2.faac.unesp.br\/oedh-nedh\/index.php?rest_route=\/wp\/v2\/pages"}],"about":[{"href":"https:\/\/www2.faac.unesp.br\/oedh-nedh\/index.php?rest_route=\/wp\/v2\/types\/page"}],"author":[{"embeddable":true,"href":"https:\/\/www2.faac.unesp.br\/oedh-nedh\/index.php?rest_route=\/wp\/v2\/users\/2"}],"replies":[{"embeddable":true,"href":"https:\/\/www2.faac.unesp.br\/oedh-nedh\/index.php?rest_route=%2Fwp%2Fv2%2Fcomments&post=274"}],"version-history":[{"count":46,"href":"https:\/\/www2.faac.unesp.br\/oedh-nedh\/index.php?rest_route=\/wp\/v2\/pages\/274\/revisions"}],"predecessor-version":[{"id":1723,"href":"https:\/\/www2.faac.unesp.br\/oedh-nedh\/index.php?rest_route=\/wp\/v2\/pages\/274\/revisions\/1723"}],"wp:attachment":[{"href":"https:\/\/www2.faac.unesp.br\/oedh-nedh\/index.php?rest_route=%2Fwp%2Fv2%2Fmedia&parent=274"}],"curies":[{"name":"wp","href":"https:\/\/api.w.org\/{rel}","templated":true}]}}