{"id":1138,"date":"2020-04-29T10:16:08","date_gmt":"2020-04-29T13:16:08","guid":{"rendered":"https:\/\/www2.faac.unesp.br\/altotiete\/?page_id=1138"},"modified":"2020-05-06T09:57:42","modified_gmt":"2020-05-06T12:57:42","slug":"diversidade-de-visoes","status":"publish","type":"page","link":"https:\/\/www2.faac.unesp.br\/altotiete\/diversidade-de-visoes\/","title":{"rendered":"Diversidade de vis\u00f5es"},"content":{"rendered":"\n<div class=\"wp-block-image\"><figure class=\"aligncenter size-large\"><img loading=\"lazy\" decoding=\"async\" width=\"1024\" height=\"730\" src=\"https:\/\/www2.faac.unesp.br\/altotiete\/wp-content\/uploads\/2020\/05\/40806-1024x730.jpg\" alt=\"\" class=\"wp-image-1173\" srcset=\"https:\/\/www2.faac.unesp.br\/altotiete\/wp-content\/uploads\/2020\/05\/40806-1024x730.jpg 1024w, https:\/\/www2.faac.unesp.br\/altotiete\/wp-content\/uploads\/2020\/05\/40806-300x214.jpg 300w, https:\/\/www2.faac.unesp.br\/altotiete\/wp-content\/uploads\/2020\/05\/40806-768x548.jpg 768w, https:\/\/www2.faac.unesp.br\/altotiete\/wp-content\/uploads\/2020\/05\/40806-1536x1095.jpg 1536w, https:\/\/www2.faac.unesp.br\/altotiete\/wp-content\/uploads\/2020\/05\/40806-2048x1460.jpg 2048w\" sizes=\"auto, (max-width: 1024px) 100vw, 1024px\" \/><figcaption><a href=\"https:\/\/br.freepik.com\/fotos-vetores-gratis\/negocio\">Imagem: freepik.com<\/a><\/figcaption><\/figure><\/div>\n\n\n\n<p>Em linha com o sistema de gest\u00e3o <a href=\"https:\/\/www.al.sp.gov.br\/repositorio\/legislacao\/lei\/1991\/alteracao-lei-7663-30.12.1991.html\">institu\u00eddo legalmente<\/a> no Estado de S\u00e3o Paulo, o Comit\u00ea da Bacia Hidrogr\u00e1fica do Alto Tiet\u00ea \u00e9 configurado por uma arquitetura participativa que favorece a tomada de decis\u00f5es baseada nas experi\u00eancias de pessoas com distintas vis\u00f5es e viv\u00eancias na governan\u00e7a da \u00e1gua.<\/p>\n\n\n\n<p>A diversidade de conhecimentos \u00e9 um ativo fundamental e encontra express\u00e3o em um formato de \u00f3rg\u00e3o gestor que permite a proje\u00e7\u00e3o de variadas fontes de saber, incluindo especialidades t\u00e9cnicas e a experi\u00eancia cotidiana das comunidades e usu\u00e1rios da \u00e1gua. A complementaridade de pap\u00e9is faz sentido quando se busca a otimiza\u00e7\u00e3o de solu\u00e7\u00f5es.<\/p>\n\n\n\n<p>Neste portal web <strong>Mem\u00f3ria das \u00c1guas<\/strong>, est\u00e3o perspectivas de membros que atuam em segmentos distintos do comit\u00ea e contribuem de maneira singular para a governan\u00e7a h\u00eddrica.<\/p>\n\n\n\n<p>O portal foi produzido como um dos resultados de uma pesquisa cient\u00edfica em comunica\u00e7\u00e3o apoiada por recursos p\u00fablicos, conforme informa\u00e7\u00f5es na se\u00e7\u00e3o <a href=\"https:\/\/www2.faac.unesp.br\/altotiete\/sobre-o-projeto\/\" target=\"_blank\" rel=\"noreferrer noopener\" aria-label=\"sobre o projeto. (abre numa nova aba)\"><strong>sobre o projeto<\/strong>.<\/a><\/p>\n\n\n\n<p>As diversas vis\u00f5es de integrantes e ex-integrantes do comit\u00ea est\u00e3o dispon\u00edveis nas se\u00e7\u00f5es <a rel=\"noreferrer noopener\" aria-label=\"entrevistas  (abre numa nova aba)\" href=\"https:\/\/www2.faac.unesp.br\/altotiete\/334-2\/\" target=\"_blank\"><strong>entrevistas<\/strong> <\/a>e <strong><a href=\"https:\/\/www2.faac.unesp.br\/altotiete\/categoria-tematicos\/\" target=\"_blank\" rel=\"noreferrer noopener\" aria-label=\"v\u00eddeos tem\u00e1ticos (abre numa nova aba)\">v\u00eddeos tem\u00e1ticos<\/a><\/strong>. Todas foram registradas em v\u00eddeo seguindo padr\u00f5es \u00e9ticos espec\u00edficos em tr\u00eas dimens\u00f5es, dadas por m\u00e9todos e t\u00e9cnicas de jornalismo; registro de mem\u00f3ria e hist\u00f3ria oral; e pesquisa em comunica\u00e7\u00e3o.<\/p>\n\n\n\n<p>Do campo do jornalismo, extra\u00edmos as habilidades de entrevista que buscaram motivar o entrevistado a recuperar e reconstituir de forma organizada os elementos cruciais da compreens\u00e3o de sua pr\u00f3pria viv\u00eancia no contexto social, mantendo o distanciamento necess\u00e1rio para n\u00e3o comprometer a objetividade do relato. Tamb\u00e9m usamos t\u00e9cnicas de edi\u00e7\u00e3o que permitiram eliminar redund\u00e2ncias e obter s\u00ednteses, sem afetar a l\u00f3gica original da express\u00e3o.<\/p>\n\n\n\n<p>Dos estudos de mem\u00f3ria e hist\u00f3ria social, selecionamos as disposi\u00e7\u00f5es necess\u00e1rias para preservar a integralidade das narrativas expostas pelo entrevistado, buscando manter ao m\u00e1ximo poss\u00edvel a organicidade dos relatos conforme eles foram expostos. Tamb\u00e9m buscamos encorajar os entrevistados a vasculhar suas mem\u00f3rias em busca da recomposi\u00e7\u00e3o de suas impress\u00f5es mais acuradas dos acontecimentos aos quais eles se referiram.<\/p>\n\n\n\n<p>Da pesquisa cient\u00edfica em comunica\u00e7\u00e3o, adotamos padr\u00f5es \u00e9ticos para o estabelecimento de uma rela\u00e7\u00e3o de confian\u00e7a entre entrevistador e entrevistado, orientada por crit\u00e9rios de transpar\u00eancia e compromisso, assegurados n\u00e3o apenas nos contatos realizados antes, durante e depois das entrevistas, mas tamb\u00e9m pelo uso dos instrumentos legais usualmente aplicados na \u00e1rea.<\/p>\n\n\n\n<p>A diversidade das vis\u00f5es registradas e aqui exibidas corresponde, assim, \u00e0 exig\u00eancia de compor um conjunto rico e representativo. Se h\u00e1 eventualmente oposi\u00e7\u00f5es e contradi\u00e7\u00f5es entre as perspectivas, esse \u00e9 um indicador de que a pr\u00e1tica democr\u00e1tica instalada pelos comit\u00eas pode ter o potencial de gerir a diversidade em benef\u00edcio da obten\u00e7\u00e3o de melhores solu\u00e7\u00f5es para o atendimento do interesse coletivo.&nbsp;<br><\/p>\n<!-- sktbuilder starter --><script type=\"text\/javascript\" src=\"https:\/\/www2.faac.unesp.br\/altotiete\/wp-content\/plugins\/skt-builder\/sktbuilder\/sktbuilder-frontend-starter.js\"><\/script><script type=\"text\/javascript\" src=\"https:\/\/www2.faac.unesp.br\/altotiete\/wp-content\/plugins\/skt-builder\/sktbuilder-wordpress-driver.js\"><\/script><script type=\"text\/javascript\"> var starter = new SktbuilderStarter({\"mode\": \"prod\", \"skip\":[\"jquery\",\"underscore\",\"backbone\"],\"sktbuilderUrl\": \"https:\/\/www2.faac.unesp.br\/altotiete\/wp-content\/plugins\/skt-builder\/sktbuilder\/\", \"driver\": new SktbuilderWordpressDriver({\"ajaxUrl\": \"https:\/\/www2.faac.unesp.br\/altotiete\/wp-admin\/admin-ajax.php\", \"iframeUrl\": \"https:\/\/www2.faac.unesp.br\/altotiete\/diversidade-de-visoes\/?sktbuilder=true\", \"pageId\": 1138,  \"nonce\": \"0b3de2450b\", \"pages\": [{\"title\":\"No title\",\"url\":\"https:\\\/\\\/www2.faac.unesp.br\\\/altotiete\\\/wp-admin\\\/post.php?post=2&action=sktbuilder\"},{\"title\":\"No title\",\"url\":\"https:\\\/\\\/www2.faac.unesp.br\\\/altotiete\\\/wp-admin\\\/post.php?post=47&action=sktbuilder\"},{\"title\":\"No title\",\"url\":\"https:\\\/\\\/www2.faac.unesp.br\\\/altotiete\\\/wp-admin\\\/post.php?post=334&action=sktbuilder\"},{\"title\":\"No title\",\"url\":\"https:\\\/\\\/www2.faac.unesp.br\\\/altotiete\\\/wp-admin\\\/post.php?post=888&action=sktbuilder\"},{\"title\":\"No title\",\"url\":\"https:\\\/\\\/www2.faac.unesp.br\\\/altotiete\\\/wp-admin\\\/post.php?post=1108&action=sktbuilder\"}], \"page\": \"Diversidade de vis\u00f5es\" }) });<\/script><!-- end sktbuilder starter -->","protected":false},"excerpt":{"rendered":"<p>Em linha com o sistema de gest\u00e3o institu\u00eddo legalmente no Estado de S\u00e3o Paulo, o Comit\u00ea da Bacia Hidrogr\u00e1fica do Alto Tiet\u00ea \u00e9 configurado por uma arquitetura participativa que favorece a tomada de decis\u00f5es baseada nas experi\u00eancias de pessoas com distintas vis\u00f5es e viv\u00eancias na governan\u00e7a da \u00e1gua. A diversidade de conhecimentos \u00e9 um ativo<br \/><a class=\"moretag\" href=\"https:\/\/www2.faac.unesp.br\/altotiete\/diversidade-de-visoes\/\">+ Leia mais<\/a><\/p>\n","protected":false},"author":1,"featured_media":0,"parent":0,"menu_order":0,"comment_status":"closed","ping_status":"closed","template":"templates\/page-nosidebar_template.php","meta":{"footnotes":""},"class_list":["post-1138","page","type-page","status-publish","hentry"],"_links":{"self":[{"href":"https:\/\/www2.faac.unesp.br\/altotiete\/wp-json\/wp\/v2\/pages\/1138","targetHints":{"allow":["GET"]}}],"collection":[{"href":"https:\/\/www2.faac.unesp.br\/altotiete\/wp-json\/wp\/v2\/pages"}],"about":[{"href":"https:\/\/www2.faac.unesp.br\/altotiete\/wp-json\/wp\/v2\/types\/page"}],"author":[{"embeddable":true,"href":"https:\/\/www2.faac.unesp.br\/altotiete\/wp-json\/wp\/v2\/users\/1"}],"replies":[{"embeddable":true,"href":"https:\/\/www2.faac.unesp.br\/altotiete\/wp-json\/wp\/v2\/comments?post=1138"}],"version-history":[{"count":3,"href":"https:\/\/www2.faac.unesp.br\/altotiete\/wp-json\/wp\/v2\/pages\/1138\/revisions"}],"predecessor-version":[{"id":1175,"href":"https:\/\/www2.faac.unesp.br\/altotiete\/wp-json\/wp\/v2\/pages\/1138\/revisions\/1175"}],"wp:attachment":[{"href":"https:\/\/www2.faac.unesp.br\/altotiete\/wp-json\/wp\/v2\/media?parent=1138"}],"curies":[{"name":"wp","href":"https:\/\/api.w.org\/{rel}","templated":true}]}}